{"id":39,"date":"2025-09-13T17:17:08","date_gmt":"2025-09-13T15:17:08","guid":{"rendered":"https:\/\/micrositios.cpe.gov.co\/?page_id=39"},"modified":"2025-11-04T13:39:48","modified_gmt":"2025-11-04T12:39:48","slug":"dia-de-la-ia","status":"publish","type":"page","link":"https:\/\/micrositios.cpe.gov.co\/index.php\/dia-de-la-ia\/","title":{"rendered":"D\u00eda de la Inteligencia Artificial en los colegios de Colombia"},"content":{"rendered":"\n<figure class=\"wp-block-image aligncenter size-large\"><a href=\"https:\/\/diadelaia.cpe.gov.co\/\"><img fetchpriority=\"high\" decoding=\"async\" width=\"1024\" height=\"435\" src=\"https:\/\/micrositios.cpe.gov.co\/wp-content\/uploads\/2025\/09\/dia-ia--1024x435.png\" alt=\"\" class=\"wp-image-418\" srcset=\"https:\/\/micrositios.cpe.gov.co\/wp-content\/uploads\/2025\/09\/dia-ia--1024x435.png 1024w, https:\/\/micrositios.cpe.gov.co\/wp-content\/uploads\/2025\/09\/dia-ia--300x128.png 300w, https:\/\/micrositios.cpe.gov.co\/wp-content\/uploads\/2025\/09\/dia-ia--768x326.png 768w, https:\/\/micrositios.cpe.gov.co\/wp-content\/uploads\/2025\/09\/dia-ia--1536x653.png 1536w, https:\/\/micrositios.cpe.gov.co\/wp-content\/uploads\/2025\/09\/dia-ia--2048x870.png 2048w\" sizes=\"(max-width: 1024px) 100vw, 1024px\" \/><\/a><\/figure>\n\n\n\n<div style=\"max-width:1060px;margin:24px auto;border-radius:12px;overflow:hidden;background:#06293d;color:#fff;\">\n  <div style=\"padding:42px 22px;text-align:center;\">\n    <h1 style=\"margin:0;line-height:1.15;font-weight:800;font-size:clamp(28px,4.2vw,48px);font-family:system-ui,Arial,sans-serif;color:#fff;\">\n      <span>Primer D\u00eda Nacional<\/span><br>\n      <span style=\"color:#F6B51F;\">de la Inteligencia Artificial<\/span><br>\n      <span style=\"display:inline-block;margin-top:6px;font-weight:500;font-size:clamp(18px,2.2vw,26px);color:#fff;\">\n        en los colegios de Colombia\n      <\/span>\n    <\/h1>\n    <div style=\"height:6px;width:140px;background:#F6B51F;border-radius:8px;margin:18px auto 0;\"><\/div>\n  <\/div>\n<\/div>\n\n\n\n<figure class=\"wp-block-embed aligncenter is-type-video is-provider-youtube wp-block-embed-youtube wp-embed-aspect-16-9 wp-has-aspect-ratio\"><div class=\"wp-block-embed__wrapper\">\n<iframe title=\"Docentes se preparan para el #D\u00edaDeLaIA con formaci\u00f3n en inteligencia artificial\" width=\"500\" height=\"281\" src=\"https:\/\/www.youtube.com\/embed\/AIsYlAJ-zhU?feature=oembed\" frameborder=\"0\" allow=\"accelerometer; autoplay; clipboard-write; encrypted-media; gyroscope; picture-in-picture; web-share\" referrerpolicy=\"strict-origin-when-cross-origin\" allowfullscreen><\/iframe>\n<\/div><\/figure>\n\n\n\n<style>\n@keyframes fadeSlideIn {\n  0% {\n    opacity: 0;\n    transform: translateY(20px);\n  }\n  100% {\n    opacity: 1;\n    transform: translateY(0);\n  }\n}\n<\/style>\n\n<div style=\"max-width:1100px;margin:40px auto;padding:24px;\n            border:3px solid #06293d;border-radius:12px;\n            background:#ffffff;\n            animation:fadeSlideIn 1s ease-out;\">\n\n  <!-- P\u00e1rrafo inicial -->\n  <div style=\"max-width:900px;margin:18px auto;padding:0 12px;text-align:center;color:#06293d;font-family:system-ui,Arial,sans-serif;\">\n    <p style=\"font-size:clamp(18px,2vw,22px);line-height:1.6;margin:0;\">\n      Este <strong style=\"color:#F6B51F;\">2 de octubre<\/strong> realizaremos en las instituciones y comunidades educativas del pa\u00eds, \n      de manera <em>creativa<\/em>, <em>colaborativa<\/em> y <em>cr\u00edtica<\/em>, la jornada nacional \n      <strong style=\"color:#F6B51F;\">\u201cD\u00eda de la IA\u201d<\/strong>.\n    <\/p>\n  <\/div>\n\n  <!-- P\u00e1rrafo largo -->\n  <div style=\"max-width:900px;margin:18px auto;padding:0 12px;color:#06293d;font-family:system-ui,Arial,sans-serif;text-align:justify;\">\n    <p style=\"font-size:clamp(16px,1.6vw,20px);line-height:1.7;margin:0;\">\n      El <strong style=\"color:#F6B51F;\">\u201cD\u00eda de la IA\u201d<\/strong> promueve que la comunidad educativa del pa\u00eds reconozca la \n      <strong style=\"color:#F6B51F;\">Inteligencia Artificial<\/strong> como una oportunidad para fomentar su uso responsable en el aula y fuera de ella. \n      De esta manera, se busca <em>potenciar la innovaci\u00f3n educativa<\/em>, <em>fortalecer las habilidades del siglo XXI<\/em> y \n      <em>generar proyectos pedag\u00f3gicos<\/em> que respondan a las necesidades de los territorios e integren la IA como una herramienta \n      significativa para el aprendizaje, la reflexi\u00f3n cr\u00edtica y la creaci\u00f3n colectiva.\n    <\/p>\n    <p style=\"font-size:clamp(16px,1.6vw,20px);line-height:1.7;margin-top:14px;\">\n      Se espera que la jornada se desarrolle en torno a <strong style=\"color:#F6B51F;\">tres pilares fundamentales<\/strong>:\n    <\/p>\n  <\/div>\n\n  <!-- Pilares -->\n  <div style=\"max-width:1060px;margin:24px auto;padding:0 12px;display:grid;grid-template-columns:repeat(auto-fit,minmax(280px,1fr));gap:22px;font-family:system-ui,Arial,sans-serif;\">\n    <!-- Pilar 1 -->\n    <div style=\"background:#06293d;color:#ffffff;border-radius:14px;padding:20px;text-align:center;box-shadow:0 12px 28px rgba(0,0,0,.12);\">\n      <div style=\"font-size:28px;line-height:1;margin-bottom:10px;color:#F6B51F;\">\ud83d\udca1<\/div>\n      <h3 style=\"margin:.2rem 0 .6rem 0;font-weight:800;font-size:20px;color:#F6B51F;\">Reflexi\u00f3n pedag\u00f3gica<\/h3>\n      <p style=\"margin:0;font-size:15.5px;line-height:1.6;color:#ffffff;\">\n        Se generar\u00e1n espacios de di\u00e1logo con los estudiantes a partir de preguntas, retos y desaf\u00edos que plantea la IA en el contexto actual.\n      <\/p>\n    <\/div>\n    <!-- Pilar 2 -->\n    <div style=\"background:#06293d;color:#ffffff;border-radius:14px;padding:20px;text-align:center;box-shadow:0 12px 28px rgba(0,0,0,.12);\">\n      <div style=\"font-size:28px;line-height:1;margin-bottom:10px;color:#F6B51F;\">\ud83c\udf10<\/div>\n      <h3 style=\"margin:.2rem 0 .6rem 0;font-weight:800;font-size:20px;color:#F6B51F;\">Conexi\u00f3n nacional<\/h3>\n      <p style=\"margin:0;font-size:15.5px;line-height:1.6;color:#ffffff;\">\n        Se establecer\u00e1n mecanismos para la creaci\u00f3n de redes y comunidades de pr\u00e1ctica que desarrollen el D\u00eda de la IA a nivel nacional.\n      <\/p>\n    <\/div>\n    <!-- Pilar 3 -->\n    <div style=\"background:#06293d;color:#ffffff;border-radius:14px;padding:20px;text-align:center;box-shadow:0 12px 28px rgba(0,0,0,.12);\">\n      <div style=\"font-size:28px;line-height:1;margin-bottom:10px;color:#F6B51F;\">\ud83d\udcda<\/div>\n      <h3 style=\"margin:.2rem 0 .6rem 0;font-weight:800;font-size:20px;color:#F6B51F;\">Desarrollo y\/o exposici\u00f3n de proyectos pedag\u00f3gicos<\/h3>\n      <p style=\"margin:0;font-size:15.5px;line-height:1.6;color:#ffffff;\">\n        Los docentes y sus estudiantes socializar\u00e1n sus iniciativas.\n      <\/p>\n    <\/div>\n  <\/div>\n\n  <!-- Invitaci\u00f3n -->\n  <div style=\"max-width:960px;margin:30px auto;padding:20px;text-align:justify;color:#06293d;font-family:system-ui,Arial,sans-serif;line-height:1.7;\">\n    <p style=\"font-size:clamp(16px,1.6vw,20px);margin:0;\">\n      Invitamos a todos los docentes junto a sus estudiantes, a convertirse en \n      <strong style=\"color:#F6B51F;\">embajadores<\/strong> de esta experiencia educativa. \n      La <strong style=\"color:#F6B51F;\">gu\u00eda orientadora<\/strong> y los \n      <strong style=\"color:#F6B51F;\">materiales de autoaprendizaje<\/strong>, que pueden descargar en este sitio, \n      han sido dise\u00f1ados para acompa\u00f1arles paso a paso en la planeaci\u00f3n y desarrollo del \n      <strong style=\"color:#F6B51F;\">D\u00eda de la IA<\/strong> en sus instituciones. \n      Los invitamos a <em style=\"color:#F6B51F;\">descargarlos<\/em>, <em style=\"color:#F6B51F;\">explorarlos<\/em> y \n      <em style=\"color:#F6B51F;\">compartirlos<\/em>: son recursos pr\u00e1cticos, inspiradores y adaptables.\n    <\/p>\n  <\/div>\n\n<\/div>\n\n\n\n<div class=\"wp-block-columns has-small-font-size is-layout-flex wp-container-core-columns-is-layout-cf9dd0f5 wp-block-columns-is-layout-flex\" style=\"border-style:none;border-width:0px;border-radius:0px;margin-top:0;margin-bottom:0;padding-top:0;padding-right:0;padding-bottom:0;padding-left:0\">\n<div class=\"wp-block-column is-layout-flow wp-block-column-is-layout-flow\">\n<div class=\"wp-block-columns is-layout-flex wp-container-core-columns-is-layout-28f84493 wp-block-columns-is-layout-flex\">\n<div class=\"wp-block-column is-layout-flow wp-block-column-is-layout-flow\"><\/div>\n<\/div>\n<\/div>\n<\/div>\n\n\n\n<div class=\"wp-block-columns is-layout-flex wp-container-core-columns-is-layout-28f84493 wp-block-columns-is-layout-flex\">\n<div class=\"wp-block-column is-layout-flow wp-block-column-is-layout-flow\">\n<figure class=\"wp-block-image aligncenter size-full is-resized\"><a href=\"https:\/\/micrositios.cpe.gov.co\/wp-content\/uploads\/2025\/09\/Dia-de-la-IA-en-tu-colegio-f.pdf\" target=\"_blank\" rel=\" noreferrer noopener\"><img decoding=\"async\" width=\"260\" height=\"48\" src=\"https:\/\/micrositios.cpe.gov.co\/wp-content\/uploads\/2025\/09\/boton_bt_02-2.png\" alt=\"\" class=\"wp-image-471\" style=\"width:260px;height:auto\"\/><\/a><\/figure>\n<\/div>\n\n\n\n<div class=\"wp-block-column is-layout-flow wp-block-column-is-layout-flow\">\n<figure class=\"wp-block-image aligncenter size-full\"><a href=\"https:\/\/micrositios.cpe.gov.co\/wp-content\/uploads\/2025\/09\/Anexo_Dia-de-la-IA.pdf\" target=\"_blank\" rel=\" noreferrer noopener\"><img decoding=\"async\" width=\"260\" height=\"48\" src=\"https:\/\/micrositios.cpe.gov.co\/wp-content\/uploads\/2025\/09\/boton_bt_05.png\" alt=\"\" class=\"wp-image-452\"\/><\/a><\/figure>\n<\/div>\n<\/div>\n\n\n\n<div class=\"wp-block-columns is-layout-flex wp-container-core-columns-is-layout-28f84493 wp-block-columns-is-layout-flex\">\n<div class=\"wp-block-column is-layout-flow wp-block-column-is-layout-flow\">\n<figure class=\"wp-block-image aligncenter size-full\"><a href=\"https:\/\/micrositios.cpe.gov.co\/wp-content\/uploads\/2025\/09\/modulo-dia-ia.pdf\" target=\"_blank\" rel=\" noreferrer noopener\"><img loading=\"lazy\" decoding=\"async\" width=\"260\" height=\"48\" src=\"https:\/\/micrositios.cpe.gov.co\/wp-content\/uploads\/2025\/09\/boton_bt_03.png\" alt=\"\" class=\"wp-image-448\"\/><\/a><\/figure>\n<\/div>\n\n\n\n<div class=\"wp-block-column is-layout-flow wp-block-column-is-layout-flow\">\n<figure class=\"wp-block-image aligncenter size-full\"><a href=\"https:\/\/micrositios.cpe.gov.co\/wp-content\/uploads\/2025\/09\/La-IA-es-un-poder.pdf\" target=\"_blank\" rel=\"https:\/\/micrositios.cpe.gov.co\/wp-content\/uploads\/2025\/09\/La-IA-es-un-poder.pdf\"><img loading=\"lazy\" decoding=\"async\" width=\"260\" height=\"48\" src=\"https:\/\/micrositios.cpe.gov.co\/wp-content\/uploads\/2025\/09\/boton_bt_04.png\" alt=\"\" class=\"wp-image-453\"\/><\/a><\/figure>\n<\/div>\n<\/div>\n\n\n\n<p><\/p>\n","protected":false},"excerpt":{"rendered":"<p>Primer D\u00eda Nacional de la Inteligencia Artificial en los colegios de Colombia Este 2 de octubre realizaremos en las instituciones [&hellip;]<\/p>\n","protected":false},"author":1,"featured_media":0,"parent":0,"menu_order":0,"comment_status":"closed","ping_status":"closed","template":"","meta":{"site-sidebar-layout":"default","site-content-layout":"","ast-site-content-layout":"normal-width-container","site-content-style":"boxed","site-sidebar-style":"default","ast-global-header-display":"","ast-banner-title-visibility":"","ast-main-header-display":"","ast-hfb-above-header-display":"","ast-hfb-below-header-display":"","ast-hfb-mobile-header-display":"","site-post-title":"disabled","ast-breadcrumbs-content":"","ast-featured-img":"","footer-sml-layout":"","ast-disable-related-posts":"","theme-transparent-header-meta":"disabled","adv-header-id-meta":"","stick-header-meta":"","header-above-stick-meta":"","header-main-stick-meta":"","header-below-stick-meta":"","astra-migrate-meta-layouts":"set","ast-page-background-enabled":"default","ast-page-background-meta":{"desktop":{"background-color":"var(--ast-global-color-5)","background-image":"","background-repeat":"repeat","background-position":"center center","background-size":"auto","background-attachment":"scroll","background-type":"","background-media":"","overlay-type":"","overlay-color":"","overlay-opacity":"","overlay-gradient":""},"tablet":{"background-color":"","background-image":"","background-repeat":"repeat","background-position":"center center","background-size":"auto","background-attachment":"scroll","background-type":"","background-media":"","overlay-type":"","overlay-color":"","overlay-opacity":"","overlay-gradient":""},"mobile":{"background-color":"","background-image":"","background-repeat":"repeat","background-position":"center center","background-size":"auto","background-attachment":"scroll","background-type":"","background-media":"","overlay-type":"","overlay-color":"","overlay-opacity":"","overlay-gradient":""}},"ast-content-background-meta":{"desktop":{"background-color":"var(--ast-global-color-4)","background-image":"","background-repeat":"repeat","background-position":"center center","background-size":"auto","background-attachment":"scroll","background-type":"","background-media":"","overlay-type":"","overlay-color":"","overlay-opacity":"","overlay-gradient":""},"tablet":{"background-color":"var(--ast-global-color-4)","background-image":"","background-repeat":"repeat","background-position":"center center","background-size":"auto","background-attachment":"scroll","background-type":"","background-media":"","overlay-type":"","overlay-color":"","overlay-opacity":"","overlay-gradient":""},"mobile":{"background-color":"var(--ast-global-color-4)","background-image":"","background-repeat":"repeat","background-position":"center center","background-size":"auto","background-attachment":"scroll","background-type":"","background-media":"","overlay-type":"","overlay-color":"","overlay-opacity":"","overlay-gradient":""}},"footnotes":""},"class_list":["post-39","page","type-page","status-publish","hentry"],"_links":{"self":[{"href":"https:\/\/micrositios.cpe.gov.co\/index.php\/wp-json\/wp\/v2\/pages\/39","targetHints":{"allow":["GET"]}}],"collection":[{"href":"https:\/\/micrositios.cpe.gov.co\/index.php\/wp-json\/wp\/v2\/pages"}],"about":[{"href":"https:\/\/micrositios.cpe.gov.co\/index.php\/wp-json\/wp\/v2\/types\/page"}],"author":[{"embeddable":true,"href":"https:\/\/micrositios.cpe.gov.co\/index.php\/wp-json\/wp\/v2\/users\/1"}],"replies":[{"embeddable":true,"href":"https:\/\/micrositios.cpe.gov.co\/index.php\/wp-json\/wp\/v2\/comments?post=39"}],"version-history":[{"count":193,"href":"https:\/\/micrositios.cpe.gov.co\/index.php\/wp-json\/wp\/v2\/pages\/39\/revisions"}],"predecessor-version":[{"id":537,"href":"https:\/\/micrositios.cpe.gov.co\/index.php\/wp-json\/wp\/v2\/pages\/39\/revisions\/537"}],"wp:attachment":[{"href":"https:\/\/micrositios.cpe.gov.co\/index.php\/wp-json\/wp\/v2\/media?parent=39"}],"curies":[{"name":"wp","href":"https:\/\/api.w.org\/{rel}","templated":true}]}}

Día de la Inteligencia Artificial en los colegios de Colombia

<figure class="wp-block-image aligncenter size-large"><a href="https://diadelaia.cpe.gov.co/"><img fetchpriority="high" decoding="async" width="1024" height="435" src="https://micrositios.cpe.gov.co/wp-content/uploads/2025/09/dia-ia--1024x435.png" alt="" class="wp-image-418" srcset="https://micrositios.cpe.gov.co/wp-content/uploads/2025/09/dia-ia--1024x435.png 1024w, https://micrositios.cpe.gov.co/wp-content/uploads/2025/09/dia-ia--300x128.png 300w, https://micrositios.cpe.gov.co/wp-content/uploads/2025/09/dia-ia--768x326.png 768w, https://micrositios.cpe.gov.co/wp-content/uploads/2025/09/dia-ia--1536x653.png 1536w, https://micrositios.cpe.gov.co/wp-content/uploads/2025/09/dia-ia--2048x870.png 2048w" sizes="(max-width: 1024px) 100vw, 1024px" /></a></figure>



<div style="max-width:1060px;margin:24px auto;border-radius:12px;overflow:hidden;background:#06293d;color:#fff;">
  <div style="padding:42px 22px;text-align:center;">
    <h1 style="margin:0;line-height:1.15;font-weight:800;font-size:clamp(28px,4.2vw,48px);font-family:system-ui,Arial,sans-serif;color:#fff;">
      <span>Primer Día Nacional</span><br>
      <span style="color:#F6B51F;">de la Inteligencia Artificial</span><br>
      <span style="display:inline-block;margin-top:6px;font-weight:500;font-size:clamp(18px,2.2vw,26px);color:#fff;">
        en los colegios de Colombia
      </span>
    </h1>
    <div style="height:6px;width:140px;background:#F6B51F;border-radius:8px;margin:18px auto 0;"></div>
  </div>
</div>



<figure class="wp-block-embed aligncenter is-type-video is-provider-youtube wp-block-embed-youtube wp-embed-aspect-16-9 wp-has-aspect-ratio"><div class="wp-block-embed__wrapper">
<iframe title="Docentes se preparan para el #DíaDeLaIA con formación en inteligencia artificial" width="500" height="281" src="https://www.youtube.com/embed/AIsYlAJ-zhU?feature=oembed" frameborder="0" allow="accelerometer; autoplay; clipboard-write; encrypted-media; gyroscope; picture-in-picture; web-share" referrerpolicy="strict-origin-when-cross-origin" allowfullscreen></iframe>
</div></figure>



<style>
@keyframes fadeSlideIn {
  0% {
    opacity: 0;
    transform: translateY(20px);
  }
  100% {
    opacity: 1;
    transform: translateY(0);
  }
}
</style>

<div style="max-width:1100px;margin:40px auto;padding:24px;
            border:3px solid #06293d;border-radius:12px;
            background:#ffffff;
            animation:fadeSlideIn 1s ease-out;">

  <!-- Párrafo inicial -->
  <div style="max-width:900px;margin:18px auto;padding:0 12px;text-align:center;color:#06293d;font-family:system-ui,Arial,sans-serif;">
    <p style="font-size:clamp(18px,2vw,22px);line-height:1.6;margin:0;">
      Este <strong style="color:#F6B51F;">2 de octubre</strong> realizaremos en las instituciones y comunidades educativas del país, 
      de manera <em>creativa</em>, <em>colaborativa</em> y <em>crítica</em>, la jornada nacional 
      <strong style="color:#F6B51F;">“Día de la IA”</strong>.
    </p>
  </div>

  <!-- Párrafo largo -->
  <div style="max-width:900px;margin:18px auto;padding:0 12px;color:#06293d;font-family:system-ui,Arial,sans-serif;text-align:justify;">
    <p style="font-size:clamp(16px,1.6vw,20px);line-height:1.7;margin:0;">
      El <strong style="color:#F6B51F;">“Día de la IA”</strong> promueve que la comunidad educativa del país reconozca la 
      <strong style="color:#F6B51F;">Inteligencia Artificial</strong> como una oportunidad para fomentar su uso responsable en el aula y fuera de ella. 
      De esta manera, se busca <em>potenciar la innovación educativa</em>, <em>fortalecer las habilidades del siglo XXI</em> y 
      <em>generar proyectos pedagógicos</em> que respondan a las necesidades de los territorios e integren la IA como una herramienta 
      significativa para el aprendizaje, la reflexión crítica y la creación colectiva.
    </p>
    <p style="font-size:clamp(16px,1.6vw,20px);line-height:1.7;margin-top:14px;">
      Se espera que la jornada se desarrolle en torno a <strong style="color:#F6B51F;">tres pilares fundamentales</strong>:
    </p>
  </div>

  <!-- Pilares -->
  <div style="max-width:1060px;margin:24px auto;padding:0 12px;display:grid;grid-template-columns:repeat(auto-fit,minmax(280px,1fr));gap:22px;font-family:system-ui,Arial,sans-serif;">
    <!-- Pilar 1 -->
    <div style="background:#06293d;color:#ffffff;border-radius:14px;padding:20px;text-align:center;box-shadow:0 12px 28px rgba(0,0,0,.12);">
      <div style="font-size:28px;line-height:1;margin-bottom:10px;color:#F6B51F;">💡</div>
      <h3 style="margin:.2rem 0 .6rem 0;font-weight:800;font-size:20px;color:#F6B51F;">Reflexión pedagógica</h3>
      <p style="margin:0;font-size:15.5px;line-height:1.6;color:#ffffff;">
        Se generarán espacios de diálogo con los estudiantes a partir de preguntas, retos y desafíos que plantea la IA en el contexto actual.
      </p>
    </div>
    <!-- Pilar 2 -->
    <div style="background:#06293d;color:#ffffff;border-radius:14px;padding:20px;text-align:center;box-shadow:0 12px 28px rgba(0,0,0,.12);">
      <div style="font-size:28px;line-height:1;margin-bottom:10px;color:#F6B51F;">🌐</div>
      <h3 style="margin:.2rem 0 .6rem 0;font-weight:800;font-size:20px;color:#F6B51F;">Conexión nacional</h3>
      <p style="margin:0;font-size:15.5px;line-height:1.6;color:#ffffff;">
        Se establecerán mecanismos para la creación de redes y comunidades de práctica que desarrollen el Día de la IA a nivel nacional.
      </p>
    </div>
    <!-- Pilar 3 -->
    <div style="background:#06293d;color:#ffffff;border-radius:14px;padding:20px;text-align:center;box-shadow:0 12px 28px rgba(0,0,0,.12);">
      <div style="font-size:28px;line-height:1;margin-bottom:10px;color:#F6B51F;">📚</div>
      <h3 style="margin:.2rem 0 .6rem 0;font-weight:800;font-size:20px;color:#F6B51F;">Desarrollo y/o exposición de proyectos pedagógicos</h3>
      <p style="margin:0;font-size:15.5px;line-height:1.6;color:#ffffff;">
        Los docentes y sus estudiantes socializarán sus iniciativas.
      </p>
    </div>
  </div>

  <!-- Invitación -->
  <div style="max-width:960px;margin:30px auto;padding:20px;text-align:justify;color:#06293d;font-family:system-ui,Arial,sans-serif;line-height:1.7;">
    <p style="font-size:clamp(16px,1.6vw,20px);margin:0;">
      Invitamos a todos los docentes junto a sus estudiantes, a convertirse en 
      <strong style="color:#F6B51F;">embajadores</strong> de esta experiencia educativa. 
      La <strong style="color:#F6B51F;">guía orientadora</strong> y los 
      <strong style="color:#F6B51F;">materiales de autoaprendizaje</strong>, que pueden descargar en este sitio, 
      han sido diseñados para acompañarles paso a paso en la planeación y desarrollo del 
      <strong style="color:#F6B51F;">Día de la IA</strong> en sus instituciones. 
      Los invitamos a <em style="color:#F6B51F;">descargarlos</em>, <em style="color:#F6B51F;">explorarlos</em> y 
      <em style="color:#F6B51F;">compartirlos</em>: son recursos prácticos, inspiradores y adaptables.
    </p>
  </div>

</div>



<div class="wp-block-columns has-small-font-size is-layout-flex wp-container-core-columns-is-layout-cf9dd0f5 wp-block-columns-is-layout-flex" style="border-style:none;border-width:0px;border-radius:0px;margin-top:0;margin-bottom:0;padding-top:0;padding-right:0;padding-bottom:0;padding-left:0">
<div class="wp-block-column is-layout-flow wp-block-column-is-layout-flow">
<div class="wp-block-columns is-layout-flex wp-container-core-columns-is-layout-28f84493 wp-block-columns-is-layout-flex">
<div class="wp-block-column is-layout-flow wp-block-column-is-layout-flow"></div>
</div>
</div>
</div>



<div class="wp-block-columns is-layout-flex wp-container-core-columns-is-layout-28f84493 wp-block-columns-is-layout-flex">
<div class="wp-block-column is-layout-flow wp-block-column-is-layout-flow">
<figure class="wp-block-image aligncenter size-full is-resized"><a href="https://micrositios.cpe.gov.co/wp-content/uploads/2025/09/Dia-de-la-IA-en-tu-colegio-f.pdf" target="_blank" rel=" noreferrer noopener"><img decoding="async" width="260" height="48" src="https://micrositios.cpe.gov.co/wp-content/uploads/2025/09/boton_bt_02-2.png" alt="" class="wp-image-471" style="width:260px;height:auto"/></a></figure>
</div>



<div class="wp-block-column is-layout-flow wp-block-column-is-layout-flow">
<figure class="wp-block-image aligncenter size-full"><a href="https://micrositios.cpe.gov.co/wp-content/uploads/2025/09/Anexo_Dia-de-la-IA.pdf" target="_blank" rel=" noreferrer noopener"><img decoding="async" width="260" height="48" src="https://micrositios.cpe.gov.co/wp-content/uploads/2025/09/boton_bt_05.png" alt="" class="wp-image-452"/></a></figure>
</div>
</div>



<div class="wp-block-columns is-layout-flex wp-container-core-columns-is-layout-28f84493 wp-block-columns-is-layout-flex">
<div class="wp-block-column is-layout-flow wp-block-column-is-layout-flow">
<figure class="wp-block-image aligncenter size-full"><a href="https://micrositios.cpe.gov.co/wp-content/uploads/2025/09/modulo-dia-ia.pdf" target="_blank" rel=" noreferrer noopener"><img loading="lazy" decoding="async" width="260" height="48" src="https://micrositios.cpe.gov.co/wp-content/uploads/2025/09/boton_bt_03.png" alt="" class="wp-image-448"/></a></figure>
</div>



<div class="wp-block-column is-layout-flow wp-block-column-is-layout-flow">
<figure class="wp-block-image aligncenter size-full"><a href="https://micrositios.cpe.gov.co/wp-content/uploads/2025/09/La-IA-es-un-poder.pdf" target="_blank" rel="https://micrositios.cpe.gov.co/wp-content/uploads/2025/09/La-IA-es-un-poder.pdf"><img loading="lazy" decoding="async" width="260" height="48" src="https://micrositios.cpe.gov.co/wp-content/uploads/2025/09/boton_bt_04.png" alt="" class="wp-image-453"/></a></figure>
</div>
</div>



<p></p>

<p>Primer Día Nacional de la Inteligencia Artificial en los colegios de Colombia Este 2 de octubre realizaremos en las instituciones [&hellip;]</p>
